j - 2*m + 50 = 0, -5*m = 0. Let s be -1 - -2*(-1)/2. Let g = 4 - s. Calculate the remainder when j is divided by g.
4
Let l = 33 - 22. Calculate the remainder when 41 is divided by l.
8
Let h = 19 + -13. What is the remainder when (2 + (-8)/h)*69 is divided by 12?
10
Suppose 5*y - 35 - 5 = 0. Calculate the remainder when 28 is divided by y.
4
Suppose 3 = -6*p + 7*p. What is the remainder when p is divided by 1?
0
Suppose 2*c - 1 = 5. Suppose 2*v + 10 = 3*n + 2, 0 = c*n - 5*v + 7. Calculate the remainder when 10 is divided by n.
4
Let q(r) = -r**2 - 6*r + 4. Let p be (2*-1 + 18)*1. Let k = -6 + p. What is the remainder when k is divided by q(-6)?
2
Let h(w) = -w. Let b(l) = 3*l - 1. Let j(a) = -2*b(a) - 5*h(a). Let o be j(2). Suppose o = 4*d - 30 - 6. Calculate the remainder when 25 is divided by d.
7
Let t(m) = -m**2 + 13*m - 1. What is the remainder when 81 is divided by t(7)?
40
Let a = -14 - -28. What is the remainder when a is divided by 9?
5
Suppose 6*s - 31 = 5*s. Calculate the remainder when s is divided by 17.
14
Suppose 0 = 5*u - 46 - 79. Let d(w) = w**2 - 2*w - 6. Calculate the remainder when u is divided by d(5).
7
Let f = 83 - 54. Calculate the remainder when f is divided by 10.
9
Let w = 3 + -7. What is the remainder when 39 is divided by (-124)/(-9) - w/18?
11
Suppose 0 = 5*c - 8 - 47. Calculate the remainder when c is divided by 2/6 + (-68)/(-12).
5
Suppose 5*b - 27 = -2*k, -2*k + 7*b - 5*b + 34 = 0. Calculate the remainder when 75 is divided by k.
11
Let s be 1*-11 + -7 + 5. Let l = 24 + s. What is the remainder when 32 is divided by l?
10
Let u(a) = -a**2 + 11*a + 5. Suppose -3*t - 13 + 58 = 3*o, -5*o + 2*t + 40 = 0. Calculate the remainder when 26 is divided by u(o).
11
Let n = -28 + 34. What is the remainder when 17 is divided by n?
5
Suppose 129 = 3*j - 3*i, -j + 2*i - 6*i = -28. What is the remainder when j is divided by 14?
12
Let x be (1 + 2)*16/(-12). Let u = 8 + x. Calculate the remainder when 6 is divided by u.
2
Let k be (1/3)/((-1)/21). Calculate the remainder when 3 is divided by (k - -13)/(0 + 2).
0
Let h be ((-4)/(-6))/2*-21. Let v(d) = -d**2 - 9*d - 8. Calculate the remainder when 9 is divided by v(h).
3
Suppose -15 = -7*w + 2*w. Let h(r) = 4*r**2 + r - 3. Let z = -25 - -44. What is the remainder when h(w) is divided by z?
17
Let a = 2 - 1. What is the remainder when 31 is divided by 6 + (a - (1 + -2))?
7
Suppose -2*k + 0*k + 106 = 0. Calculate the remainder when k is divided by 18.
17
Let a(f) = f**2 + 4*f + 4. Let u be a(-4). Suppose -b = -u*b + 21. Suppose -7*h + 12 = -4*h. Calculate the remainder when b is divided by h.
3
Let f be (-25)/(-2 + (-39)/(-18)). Let p be (52/5)/((-12)/f). What is the remainder when ((-4)/10)/((-2)/p) is divided by 9?
8
Let b(n) = -4*n + 3. What is the remainder when b(-4) is divided by 5?
4
Calculate the remainder when 47 is divided by 2/(-17) + 3440/340.
7
Let x = 7 + -5. Let n(v) = 2*v**2 + v + 1. Calculate the remainder when 32 is divided by n(x).
10
Let i(p) = p**2 - 4*p - 17. What is the remainder when 193 is divided by i(9)?
25
Suppose 2*n - n = -2*g + 59, 2*n = 10. Suppose 3*c - 9 + 0 = 0. Suppose -5 = -k + 3*v, c*k - 2*v + 3*v - 45 = 0. What is the remainder when g is divided by k?
13
Let i = 66 - 18. What is the remainder when i is divided by 13?
9
Suppose -2*f - 2*o = -96, 4*f - 2*o - 216 = -36. Let h be -6 + (1 - (2 - -1)). Let d = h + 24. Calculate the remainder when f is divided by d.
14
Calculate the remainder when -3 + (-153)/(-5) + (-9)/15 is divided by 7.
6
Suppose 5*t - 63 = 2*f - 13, 4*f - 56 = -3*t. What is the remainder when t is divided by 5/(10/12) + -1?
2
Suppose -n = 4*n. Suppose 4*h - 7*h + 48 = n. Calculate the remainder when 31 is divided by h.
15
Calculate the remainder when 8*(-1 + (-18)/(-8)) is divided by ((-2)/(-4))/((-1)/(-8)).
2
Let n = 59 + -29. Calculate the remainder when 208 is divided by n.
28
Let u(g) = -29*g + 3. What is the remainder when u(-1) is divided by 7?
4
Let m be 199/3 + (-48)/36. Suppose 3*s - m = -5. Calculate the remainder when 58 is divided by s.
18
Let n(z) = -z**3 - z**2 - 2*z. Suppose 8 = 4*j + 4*v, 3*j - 2*v = -3*v - 2. Let l(f) = 3*f**2 - 4. Calculate the remainder when l(-3) is divided by n(j).
7
Let i be -3 + 6 + -3 + 4. Suppose i*u - 92 = -5*x, -4*x - u + 70 = u. Calculate the remainder when x is divided by 6.
4
Let j(d) = -d**3 + 7*d**2 + 4. Suppose 2*r = -5*n + 21, 3*n + 2*r = 11 + 4. What is the remainder when j(n) is divided by (-144)/(-10) - 6/15?
12
Suppose 3*l + 4 = 40. Let z = -56 + 79. What is the remainder when z is divided by l?
11
Let q = 63 + -56. What is the remainder when 10 is divided by q?
3
Let b(k) = -3*k**3 - 4*k**2 - 4*k - 4. Calculate the remainder when 32 is divided by b(-2).
8
Let k = 9 - 7. Suppose -3*h = -2*i + 108, -k*h + h = 2*i + 44. Let z = -23 - h. What is the remainder when 29 is divided by z?
14
Let p(s) = -6*s - 3. Let f(j) = -6*j - 2. Let a(k) = -3*f(k) + 2*p(k). Let m be a(-1). Calculate the remainder when 55 is divided by 2/m*19*-3.
17
Let g(x) = x - 4. Let y be g(6). Suppose -2*j = 4*d + 128, y*j + 166 = -5*d + j. Let u = d + 72. Calculate the remainder when u is divided by 13.
12
Let x = 13 - 27. Let w = 15 - x. Suppose 0*s + 11*s = 165. What is the remainder when w is divided by s?
14
Let q(l) = l**3 - 13*l**2 - 14*l + 5. Let f be 2 + (-2 - 2) - 9. What is the remainder when q(14) is divided by (-20)/f + (-4)/(-22)?
1
Suppose -73 = -2*x + 171. Let l = -62 + x. Suppose -5*t + 10 = 0, -5*b = 3*t + l - 176. Calculate the remainder when b is divided by 8.
6
Let i(o) be the first derivative of -3*o + 1 + 4*o - o**2 - 4 + 2. Calculate the remainder when i(-3) is divided by 4.
3
Suppose 4*y - 2*l = 3*y + 44, -2*y - 5*l + 115 = 0. Let n(m) = m + 1. Let i be n(4). Let s(g) = g**2 - g - 3. What is the remainder when y is divided by s(i)?
16
Let y = -77 + 95. What is the remainder when 33 is divided by y?
15
Suppose 4*k + 4*q = 9*q - 17, k + 18 = 4*q. Suppose -8*z = -15 - 1. What is the remainder when k is divided by z?
0
Suppose -2*g - 4*w = 2*g - 4, -2*g = w - 3. Suppose -169 = -g*r - 31. Calculate the remainder when r is divided by 18.
15
Let a = 65 + -32. Calculate the remainder when a is divided by 16.
1
Suppose 26*y - 29*y = -42. Suppose 0 = 2*o + 2*o - 212. What is the remainder when o is divided by y?
11
Let x be (16/24)/(1/6). Suppose 0 = -3*c + x*c - 34. Calculate the remainder when 100 is divided by c.
32
Let s = -6 - -11. Suppose -s*a - 14 = -j - 2*a, -3*j = -4*a - 32. What is the remainder when 23 is divided by j?
7
Let d be (1 - (0 - 0)) + -3. Let c be 5/2 + d/4. Suppose 0 = -c*i - 0 + 10. Calculate the remainder when i is divided by 3.
2
Let m = -67 + 98. Calculate the remainder when m is divided by (14 - 13)*(0 + 17).
14
Let z(q) = -19*q - 1. Let m = 102 - 31. Calculate the remainder when m is divided by z(-1).
17
Let r = 2 + 2. Suppose r*t = -0*t + 176. Let m(c) = c + 26. What is the remainder when t is divided by m(-11)?
14
Let k(w) = 2*w - 16. What is the remainder when k(15) is divided by (-6)/27 + (-38)/(-9)?
2
Let p(x) = -x + 1. Let g be p(5). Let t = 13 + g. Calculate the remainder when 16 is divided by t.
7
Suppose 4*t = 37 + 31. What is the remainder when 59 is divided by t?
8
Let g = 10 - 3. What is the remainder when 19 is divided by g?
5
Let t(r) = 2*r + 14. Suppose -2*c + 35 = 9. Calculate the remainder when c is divided by t(-5).
1
Let m = 2 + 0. Let x be 1/m*1*12. Let d(c) = c - 2. What is the remainder when d(x) is divided by 3?
1
Suppose -d + 3*t = -11, -d - t - 1 = -0*d. Suppose -4*k + 4*b + 36 = 0, -d*k - b = 2*b - 23. Let z = k - 8. What is the remainder when 3 is divided by z?
1
Calculate the remainder when (98 + -1)*((-24)/(-4) + -5) is divided by 33.
31
Let m(j) = j**2 - 10*j + 5. Let n be m(10). Let p = n + 0. What is the remainder when p is divided by 4?
1
Suppose -9 = -4*n + 3. Suppose 2*b + 2*a = 14, 4*a = 4*b + 2*a - 58. Suppose -u + 3 = 0, -c - b = -2*c - n*u. What is the remainder when 4 is divided by c?
1
Let q = 3 + -1. Let x(n) = -n**2 - 9*n - 17. What is the remainder when q is divided by x(-6)?
0
Let z be 0 + 0 - 8/(-2). Suppose i + 21 = z*i - 2*o, -2*i + 12 = -2*o. Let s = 10 + 15. Calculate the remainder when s is divided by i.
7
Le